actors of a.
2, 5, 79
Let t(p) = 13*p**2 + 7*p + 3. Let l(y) = -y**2 + y. Let h(c) = -5*l(c) + t(c). List the prime factors of h(-1).
19
Let f = -26 + 28. Suppose -f = -d + 11. What are the prime factors of d?
13
Let f(g) = 2*g**2 - 2*g. Let j be f(3). Suppose -5 = 5*q + 20. Let n = j + q. List the prime factors of n.
7
Let v = 975 + -438. List the prime factors of v.
3, 179
Let c = -5 - -7. Let p be 1/c - (-12)/8. Suppose 5*q = p*q + 54. What are the prime factors of q?
2, 3
Let h(i) = 31*i + 477. What are the prime factors of h(0)?
3, 53
Let q(o) = o**2 - 3*o + 2. Let h = -1 - -5. Let z be q(h). Let x = 17 - z. What are the prime factors of x?
11
Suppose -2*g = o + 2*g - 19, -5*g = 2*o - 23. Let r(v) = -27*v**3 + 70 - 11*v**3 - 69 - 2*v**2. List the prime factors of r(o).
37
Suppose 0 = c - 3 - 15. Let z = c + -4. List the prime factors of z.
2, 7
Let f(x) = x**2 + 6*x + 4. Let v be f(-4). Suppose 12*g - 33 + 9 = 0. List the prime factors of (-182)/v + g/(-4).
3, 5
Let q = -47 - -51. Suppose 3*u = -q + 55. List the prime factors of u.
17
Let z = -24 - -28. Suppose -37 = -z*w - 9. What are the prime factors of w?
7
Let t be 1768/12 + 10/15. Suppose 5*y - 15 = 0, o + 2*y = -o + t. What are the prime factors of o?
71
Suppose 9*a - 4*a = 35. Let u be a*(-26)/7*-15. Suppose -4*l - 2*l + u = 0. What are the prime factors of l?
5, 13
Let m(c) = 19*c**2 - 5*c - 1. What are the prime factors of m(-3)?
5, 37
List the prime factors of (567/(-42))/(12/(-656)).
2, 3, 41
Suppose -u + 52 = -5*v - 53, -5*u = 3*v - 441. List the prime factors of u.
2, 3, 5
Suppose -4*i + 16 = 2*u - 0, 3*i - 5*u = 38. Suppose 147 = i*a - 231. What are the prime factors of a?
3, 7
Suppose 0 = 9*r + 1399 - 6421. List the prime factors of r.
2, 3, 31
Suppose 4*v + b - 9702 = -b, 5*v - 12123 = -4*b. List the prime factors of v.
3, 809
Let u(d) = 53*d**3 + 9*d**2 - 3*d - 1. List the prime factors of u(3).
2, 751
Suppose -5*g + 8 = -7. Suppose -4*c - 17 = -4*d + 15, -g*c + 4*d - 22 = 0. Let b = c + 40. What are the prime factors of b?
2, 3, 5
Suppose -8*n - 3*n = -33. Suppose 0*o - n*o - 2*f = -444, -5*o = -4*f - 762. What are the prime factors of o?
2, 3, 5
Let q = 168 - 102. Suppose q = r - 11. List the prime factors of r.
7, 11
What are the prime factors of 1/(-7) + (-16)/((-1680)/296955)?
2, 7, 101
Let z(w) = w**2 + 3*w + 3. Let x be (-3)/4*64/(-24). Suppose -7 = -x*f - 1. List the prime factors of z(f).
3, 7
Let q be (-12)/18*(-6)/4. Let o be (-26)/q - (0 - -2). Let c = o + 54. List the prime factors of c.
2, 13
Suppose 3*q = 7*q - 12. Let n be q - (-6)/(-8)*4. Suppose n = -3*o + 75 + 24. List the prime factors of o.
3, 11
Let q be (-1)/((-45)/10 - -4). Suppose -q*y = 40 - 132. What are the prime factors of y?
2, 23
Let p be 230 - (-10)/2 - 2. Let f = p - 122. List the prime factors of f.
3, 37
Suppose 39*h = 63*h - 52368. List the prime factors of h.
2, 1091
Let c(r) = -214*r + 308. What are the prime factors of c(-8)?
2, 5, 101
Let g be 2/(-4) + 1 - 169/(-26). Suppose 9*p = 20 + g. List the prime factors of p.
3
Let r(a) = 2*a**2 - 13*a + 14. Let f = 45 + -37. What are the prime factors of r(f)?
2, 19
Suppose -2*x + 4 = -0. Let g(f) = f**3 - f**2 + f - 4. List the prime factors of g(x).
2
Let i be (-1)/6 - (-74)/12. Let m be 930/8 + i/8. Suppose -9*l - m = -12*l. What are the prime factors of l?
3, 13
Suppose 0 = -12*k - 64 + 3040. What are the prime factors of k?
2, 31
Suppose 4*s - 41 - 39 = 0. Let c be (1 + 5/(-2))/(6/(-16)). Suppose 0*t - c*t = -s. List the prime factors of t.
5
Let b = 2 - -11. Suppose d - 47 = 4*p + b, -3*d = 5*p - 163. Suppose 3*l = d + 40. What are the prime factors of l?
2
Suppose 0 = -2*c - c - 4*g + 818, -2*c - 4*g = -544. Suppose 3*s + 88 - c = 0. Let r = -12 + s. What are the prime factors of r?
2, 5
Let s = 12 - 4. Suppose -11*d + 13*d = s. List the prime factors of d.
2
Suppose -2*s - p = -12 + 2, -3*s + 4*p = -15. Suppose -20*c = -23*c + 300. Suppose s*a = -3*q + 260 - c, -2*q = -2*a + 48. What are the prime factors of a?
29
Suppose -157 = -3*l + 17. List the prime factors of l.
2, 29
Suppose -3*q = -4*a - 131, a - q + 34 = -0*a. Let k = 70 + a. What are the prime factors of k?
41
Suppose -5*n + 1022 = -433. What are the prime factors of n?
3, 97
Let u = 5 - -6. Suppose -3*k = -4*l + 49, -5*k = -3*l - 4*k + 38. Suppose l*y - 32 = u*y. What are the prime factors of y?
2
Let m be 8/(96/5114) + 2/(-12). Suppose -v + 385 = 3*y - 241, -m = -2*y - 5*v. What are the prime factors of y?
2, 13
Let b(z) = 11*z**2 - 20*z - 7. Let i(k) = -4*k**2 + 7*k + 2. Let a(r) = -3*b(r) - 8*i(r). Let m be -1*((-4 - -4) + -4). What are the prime factors of a(m)?
5
Let g = -100 + 228. List the prime factors of g.
2
Let t(f) = f**3 + 5*f**2 - 3*f + 2. Let y be (28/21)/(1/(-3)). Let x be t(y). Suppose 5*i + c - 2*c - 84 = 0, -2*i + 4*c = -x. List the prime factors of i.
17
Let o be (2 + -1 - 0)*4. List the prime factors of (o - -3 - 2)/1.
5
Let l be ((-1)/2)/((-2)/16). Let j be 11/3 + l/(-6). Suppose -j*c + 1 = -62. List the prime factors of c.
3, 7
Let o = 682 + -41. What are the prime factors of o?
641
List the prime factors of (1504/(-141))/(6/(-1827)).
2, 7, 29
Let q(y) = -y**2 + 7*y + 2. Let o be q(6). Let w be 2/4 - (-21)/6. Suppose -2*v = -w*t + o, 4*t - 22 = -5*v - 0*v. List the prime factors of v.
2
Let t(i) = -i**3 + 14*i**2 - 11*i - 31. Let r be t(13). List the prime factors of 501/9 - r/15.
2, 7
Suppose -p + 10*p + 2817 = 0. Let j = -35 - p. What are the prime factors of j?
2, 139
Let i(d) = -6*d**3 + 2*d**2 + d. Let l be i(-2). Suppose -2*y - 5*k - 44 = 0, 1 = -3*y + 4*k - 19. Let n = l + y. List the prime factors of n.
2, 3, 7
Suppose 0 + 12 = -3*r. What are the prime factors of (-24)/(-36)*(-474)/r?
79
Let h be 8/(-6) - (-2)/(-3). Let b = h + 5. Suppose b*u - 205 = -2*u. List the prime factors of u.
41
Let p = -47 - -81. Let u = p + -48. What are the prime factors of (-4)/u + (-271)/(-7)?
3, 13
Let d(k) = -k**2 + 7*k + 1. Let i be d(8). Let v = i + 10. Suppose f + 0*z - v*z - 12 = 0, 78 = 3*f + 5*z. List the prime factors of f.
3, 7
List the prime factors of 0 - ((-18)/(-8))/((-6)/744).
3, 31
Let y be 8/4*-10*15/(-12). Suppose 8 = 5*k + 3*g, 3 = -3*k - g + 7. Let r = k + y. List the prime factors of r.
2, 13
What are the prime factors of (-2856)/112*124/(-6)?
17, 31
Suppose -4*m = m. Suppose 5*s = 291 - 276. Suppose m = -5*p - 5*j + 15, 3*p + 16 = s*j + 55. What are the prime factors of p?
2
Let s be (-1)/((-14)/6 - -2). Let f(p) = 1 + 0*p**s - p**3 - p + 12*p**2 - 4*p**2. List the prime factors of f(7).
43
Let l(d) = 174*d**2 - 56. List the prime factors of l(5).
2, 19, 113
Let b = -1521 + 3162. What are the prime factors of b?
3, 547
Let v be 2*(-21)/(-6) + -2. Suppose -258 = v*b - 7*b. Suppose 2*i = -3*w + 50, 3*w = 5*i - b + 25. List the prime factors of i.
2, 11
Suppose -4*c = 15*l - 19*l + 16, -3*c = -2*l + 10. Let i(m) = -m**2 + 8*m - 7. Let v be i(6). Suppose -l*n = -v + 1. What are the prime factors of n?
2
Let n = 3036 - 1302. List the prime factors of n.
2, 3, 17
Let r(b) = -80*b + 7. What are the prime factors of r(-6)?
487
Let a(c) be the third derivative of -c**6/60 - c**5/6 - 5*c**4/8 + 2*c**3/3 - 41*c**2. What are the prime factors of a(-4)?
2
Let a = -186 - -299. What are the prime factors of a?
113
What are the prime factors of (-794)/(-1) - 7/(-21)*3?
3, 5, 53
Suppose 3*w + 16 = -8. Suppose 44 + 2 = 2*z. Let m = z + w. List the prime factors of m.
3, 5
Let f be 1631*(-2)/18 + 6/27. Let d = 296 + f. What are the prime factors of d?
5, 23
Suppose 57*r - 987 = 54*r. What are the prime factors of r?
7, 47
Let o be (101 - (-4 - -4)) + 4. Let c = o + -47. What are the prime factors of c?
2, 29
Suppose -6 = -2*n + 4. Suppose -r = 4*g - 8, n*r - 3*g = -g + 40. Suppose r = 2*x + 2*x. List the prime factors of x.
2
Let t = -54 + -86. Let k = t + 242. List the prime factors of k.
2, 3, 17
Let u(s) = -2*s**3 - 3*s**2 - 17*s + 5. Let m(y) = y**3 + 2*y**2 + 8*y - 2. Let z(l) = -13*m(l) - 6*u(l). Let v = -342 - -334. List the prime factors of z(v).
2, 3
Let f be 4 - (-17 - -4 - -3). Let x(s) = 2 - 2 + 5 + s. List the prime factors of x(f).
19
Let z(x) = x - 5. Let d be z(7). Suppose -2*m = -4*r - 2, d*r + 2*m = -m + 3. Suppose -5*w + 61 = -c, r =